What are the prime factors of g?
5, 11
Suppose -a + 10 + 3 = 0. Let i(y) = 11 - 6 - 9 - 7 + 2*y. What are the prime factors of i(a)?
3, 5
Let q(f) = 44*f - 8. Let x be 1/2*12/3. List the prime factors of q(x).
2, 5
Let n(l) = -570*l - 482. List the prime factors of n(-9).
2, 7, 83
Let m(i) = -i + 6. Let j be m(3). Let v be j + 0 - 3 - 33. What are the prime factors of 4*(v/(-12) - -1)?
3, 5
What are the prime factors of ((6400/15)/(-5))/((-1)/6)?
2
Let f(s) = 56*s + 2. Let b be f(6). Suppose 2*u - 2*g - b = 0, -2*u - 2*g = u - 527. What are the prime factors of u?
173
Suppose 0 = -3*u + v + 5, -5*v = -2*v + 15. Let t be (-2)/(-4)*u - 39. List the prime factors of 1/(3 + 114/t).
13
Let s = -301 - -571. Let i be s/35 - 4/(-14). Let z = 21 + i. List the prime factors of z.
29
Suppose -7*q = -13*q - 6. List the prime factors of q*((-2 - 94) + -1).
97
Let t = -238 + 865. Suppose 13*w = t + 829. What are the prime factors of w?
2, 7
Suppose -6*f = 100 - 532. What are the prime factors of f?
2, 3
Suppose x - 5*x - 2*p = -262, -2*p - 200 = -3*x. Suppose 6*k - 4*k = x. What are the prime factors of k?
3, 11
Let u(j) = 23*j - 54. List the prime factors of u(8).
2, 5, 13
Suppose 3*l + v - 6*v = 23, -5*v - 11 = -l. What are the prime factors of ((-136)/(-12))/(l/9)?
17
Suppose -2*d + 12 = 4*y - 4, 0 = -d + y + 2. List the prime factors of (26 - 16)*d/1.
2, 5
Let x(z) = z**3 - 5*z**3 + 2*z + 2 + 3*z**3 + 7*z**2 - 4. List the prime factors of x(7).
2, 3
Let m = -3732 + 5407. List the prime factors of m.
5, 67
Let o(g) = -g**2 + 5*g - 44. Let h be o(0). Let w = h + 109. What are the prime factors of w?
5, 13
What are the prime factors of (4/(36/3969))/(3 - 2)?
3, 7
Suppose 2*v = -c - 7 - 2, 4*c - v + 18 = 0. Let j(n) = 7*n**3 - 7*n**3 + 2*n - 2 - n**3 + 0*n - 3*n**2. List the prime factors of j(c).
2, 19
Suppose 0 = 3*x + 4*r - 17, -2*x + r = 7 - 33. Let n(v) = -v**2 + 2*v + 3. Let u be n(-2). Let f = x - u. List the prime factors of f.
2
Let g(q) = 156*q - 128. What are the prime factors of g(6)?
2, 101
Let w be ((-2)/3)/(2 + 8/(-3)). What are the prime factors of w*(-20)/7*210/(-60)?
2, 5
Let h(c) = -6*c - 20. Let y be h(-6). Suppose 0 = -5*a - 1 + y. What are the prime factors of a?
3
Suppose -v + 4*t + 2476 = 0, 0 = v + 2*t - 184 - 2262. List the prime factors of v.
2, 307
Suppose 133 - 338 = 5*b. Let f = -14 - b. List the prime factors of f.
3
Let q = -142 + 100. What are the prime factors of (108/q)/(3/(-147))?
2, 3, 7
Suppose -3*c + 24 = -5*w, -5*c + 5*w = -2 - 28. Suppose c*s - 15 = 0, 5*n - 74 = 4*s + 6. What are the prime factors of n?
2, 5
Let v = 910 - 59. What are the prime factors of v?
23, 37
Suppose -9*u + 15*u - 2970 = 0. List the prime factors of u.
3, 5, 11
Suppose -3*u + 990 = 2*z, -9*z = 4*u - 4*z - 1320. List the prime factors of u.
2, 3, 5, 11
Suppose 5*j + 954 = 4*n + 5041, 3*n - 806 = -j. List the prime factors of j.
5, 163
Let f be 195/(-26)*(-4)/(-3). Let d = f - -13. Suppose -d*s + s = -100. What are the prime factors of s?
2, 5
Suppose 0 = -3*r - 2*p + 38668, 5*p + 25778 = 2*r + 6*p. What are the prime factors of (r/252)/((-2)/(-7))?
179
Let y(v) = 4*v**3 + 3*v**2 - 3*v + 1. Let r be y(1). Suppose 2*d + r*g - 78 = 192, 3*g - 136 = -d. List the prime factors of d.
2, 5, 13
Let y = -14 + 19. Suppose y*c - 10 = 2*o + 4, 1 = -2*c + 3*o. Suppose u = 10 - c. What are the prime factors of u?
2, 3
Let n = -372 - -732. Suppose -n = -t - 4*t. List the prime factors of t.
2, 3
What are the prime factors of (2 + 1)*(-8 - 18436/(-33))?
2, 7, 59
Let c = -13 - -11. Let z be 11/c*(-36)/9. List the prime factors of (-14)/21 + z/6.
3
Let y be (4 - (4 - 3)) + 44. Suppose -4 - y = -q. List the prime factors of q.
3, 17
List the prime factors of ((-872)/6 - -1)/((-14)/42).
433
Suppose 2*l - 34 = -134. Let k = l + 146. What are the prime factors of k?
2, 3
Suppose -4*u = -3*p + 2457, -2*u - 4124 = -5*p - 5*u. List the prime factors of p.
823
Let y(g) = -19*g**2 - 2. Let t be y(2). Let i = t + 144. What are the prime factors of i?
2, 3, 11
Suppose 0 = -0*h + 36*h - 228672. List the prime factors of h.
2, 397
Let o = -81 - -99. Suppose -14*r - 460 = -o*r. What are the prime factors of r?
5, 23
Suppose -2*k = 5*w - 5*k + 25, -k = -2*w - 9. Let y be 1 + w + 0 + 1. Suppose -5*r + y*r = -135. What are the prime factors of r?
3
Let m(c) = -c**3 + 16*c**2 - 13*c - 1. Let x be 1/(3/(-180)*-4). List the prime factors of m(x).
29
Let t be (50/(-30))/(2/6). List the prime factors of -4 - t - (-25)/1.
2, 13
Let x = -245 + 437. Suppose 3*m + 3*h + 172 = 7*m, -5*m = 2*h - x. What are the prime factors of m?
2, 5
Suppose k = -2*r - 2*k - 15, -4*r - 23 = -k. Let w(o) = o**2 + 5*o - 4. Let g be w(r). Suppose g*d - 49 - 7 = 0. List the prime factors of d.
2, 7
Let p(k) = -2*k - 1. Let u(c) = 3*c + 18. Let y(g) = -6*p(g) - u(g). What are the prime factors of y(22)?
2, 3, 31
Suppose -5*j = -1990 - 130. What are the prime factors of j?
2, 53
Let r be (3 - (-236 + -2))*1. Suppose -101 - r = -3*h. List the prime factors of h.
2, 3, 19
Let x = -1128 + 1736. What are the prime factors of x?
2, 19
Suppose 5*o - 135 = 5*y, 59*o - 56*o = -2*y + 96. What are the prime factors of o?
2, 3, 5
Let f(i) = 5*i**3 - 2*i + 1. Let h be f(1). Let p be (h/(-10))/((-1)/10). Suppose -p*k - 1 = -9. List the prime factors of k.
2
Suppose 0*a - 22 = -2*q - 4*a, -a - 11 = -5*q. Suppose -762 = -3*m - q*m. What are the prime factors of m?
127
List the prime factors of ((-7532)/(-3))/((-24)/(-36)*1).
2, 7, 269
Let r = 4044 + -2308. What are the prime factors of r?
2, 7, 31
Suppose 1850 = 5*f - 3*g, -f - 16*g + 21*g + 370 = 0. List the prime factors of f.
2, 5, 37
Suppose 5*g - 2*g = 15. Suppose 60 = g*u + 2*w - 20, 0 = 4*w + 20. List the prime factors of u.
2, 3
Suppose -14 + 26 = 6*d. List the prime factors of (d/5)/((-8)/(-580)).
29
Let l(u) = -u**2 - 9*u - 7. Let n(o) = -2*o**2 - 19*o - 13. Let b be n(-9). List the prime factors of l(b).
13
Let a = 14 + -98. Let s = 178 + a. List the prime factors of s.
2, 47
Let c = -826 + 1484. What are the prime factors of c?
2, 7, 47
Suppose 11 = -5*f + 1. List the prime factors of 87 - f - (3 - 1).
3, 29
Let n be 510/(-4) - 2/(-4). Let w = -53 - n. List the prime factors of w.
2, 37
Let v = 49 - 31. List the prime factors of v*28*2/12.
2, 3, 7
Let b = 45 + -48. Let l = 6 - 11. Let m = b - l. What are the prime factors of m?
2
Let f(l) = -l + 1. Let p(g) = -2*g**2 + 2*g - 12. Let j(o) = -4*f(o) - p(o). List the prime factors of j(-5).
2, 3
Let v(n) = n**3 + 8*n**2 + 10*n - 7. Let r(w) = -3*w + 3. Let t be r(3). Let k be v(t). What are the prime factors of 35 - k - (0 + 1)?
29
Suppose -5*d + 9 = -6. Suppose -2*j - d*j = -5*a - 145, -3*j + 2*a = -90. Suppose 24 = 3*u + 2*b + b, j = 3*u + b. What are the prime factors of u?
2, 3
Let p(i) = 3*i - 53. Let q be p(23). Let z = 42 - q. List the prime factors of z.
2, 13
Let r be -22 + 36 - 8/(-1*2). What are the prime factors of -4*(-22)/16*r?
3, 11
Suppose -4*z + 31 = 5*g - 32, -4 = -2*z. Let u = -14 + g. Let w = u + 5. What are the prime factors of w?
2
Let t = 69 + 111. Suppose -10*f = -15*f + t. List the prime factors of f.
2, 3
Let p(j) = -j. Let t(y) = 142*y + 3. Let l(c) = 2*p(c) + t(c). List the prime factors of l(1).
11, 13
Let m = 2661 + -762. List the prime factors of m.
3, 211
Suppose 424 = 2*k - 0*l - 4*l, -4*k + 2*l = -860. List the prime factors of k.
2, 3
Suppose -19 = -4*g - 11. Suppose -4*f - 3 = -7, g*n - 368 = -4*f. List the prime factors of n.
2, 7, 13
Suppose 0 = -o - 6*o + 560. Let h = 180 - o. List the prime factors of h.
2, 5
Let o = 509 + 2426. List the prime factors of o.
5, 587
Let l(a) = 42*a - 1. Suppose 0 = -2*o + 4*d - 3 + 29, -2*d - 22 = -4*o. Suppose 2 = -4*w - 3*k, -w + 4*k + o = -6*w. List the prime factors of l(w).
41
Suppose 2*v + 2*k = v - 8, 0 = -k - 5. Suppose 3*y - 39 = v*y. Suppose 73 = 5*l - 2*m, -5*l + 22 + y = m. What are the prime factors of l?
13
Suppose -4*f + 25 = -27. Suppose -4*a + 3*p + f = -18, -4*a - p = -11. Suppose -r + 23 = -4*z - z, a*r + 2*z = 4. What are the prime factors of r?
3
Suppose 2*i - 68 = -2*c, -15*i + 12*i + c = -122. What are the prime factors of i?
3, 13
Suppose 3*s - 6 = s - w, 3*s + 3*w = 12. Suppose -s*o - o = 0. What are the prime facto